 Let b be j(-4). What is the greatest common factor of b and p?
39
Suppose u = -2*r + 26, 0*r + 4*u + 64 = 4*r. Let q = 37 + 20. Suppose 13*z = 34 + q. Calculate the highest common factor of r and z.
7
Let u = 5060 - 5005. Suppose -z = 5*k - 58, 4*k - 17 - 15 = 4*z. What is the highest common divisor of k and u?
11
Suppose 9415 = a - 5*w, 2*a + 917*w = 914*w + 18843. Calculate the highest common factor of 30 and a.
30
Suppose 0 = 4415*a - 4412*a - 651. Calculate the greatest common factor of 84 and a.
7
Suppose -5*j = -5*p + 1080, -3*p + 4*j = 3*j - 648. Let c(y) = -2258*y + 27. Let f be c(0). What is the greatest common divisor of f and p?
27
Let v(n) = 645*n - 2576. Let k be v(4). What is the greatest common factor of 656 and k?
4
Let q(l) = -295*l + 22. Let p be q(-5). Suppose x - 4*x - p = -5*n, 297 = n - 3*x. What is the highest common factor of 12 and n?
12
Let d = -4919 + 5327. Calculate the greatest common divisor of d and 8.
8
Suppose 89*x - 92*x = -30. Let h be 44/(-77)*(-175)/x. What is the highest common factor of 710 and h?
10
Let p = 155 - 142. Suppose 80 = p*q - 102. Let c(y) = 8*y - 1. Let u be c(1). Calculate the highest common divisor of u and q.
7
Let t be 486/5*(-6460)/(-11628). Let m be (6/4)/((-1)/(-90)). What is the greatest common factor of t and m?
27
Suppose 0 = 150*z - 112*z - 62320. Calculate the greatest common factor of 123 and z.
41
Let h be (-986)/85 + (-2)/5. Let n be -13 - h - (-773 - -4). What is the highest common factor of n and 24?
24
Let s(l) = 21*l - 82. Let d be s(4). Suppose -d*u + 3*f + 417 = 0, -157 = -u + 5*f + 48. Suppose 4*n - 37 = 47. Calculate the highest common divisor of u and n.
21
Suppose w - 230 = -3*j, 10 = 3*j - 5. Let p be (-2 - -4)/(150/375). Suppose -116 + 9 = -3*o + p*t, 5*o - t = w. Calculate the highest common factor of o and 66.
22
Suppose 3*k = -15, 32*k = 4*m + 30*k - 35882. Calculate the greatest common factor of 76 and m.
76
Let a(b) = b**3 - 14*b**2 - b + 28. Let r = 2 - -1. Suppose -52 = -4*t - 0*y + y, 4*y = r*t - 26. Let x be a(t). What is the highest common factor of x and 70?
14
Suppose -159*o + 152836 = 91*o - 17164. What is the highest common factor of 320 and o?
40
Let i(r) = 678*r - 982. Let p be i(2). Let g = 24 + 10. What is the greatest common divisor of p and g?
34
Let l = 144484 + -144436. Suppose -s = -161 + 33. What is the greatest common divisor of s and l?
16
Let h be 10926/21 + (-4)/14. Let z = 55808 + -55788. Calculate the highest common divisor of h and z.
20
Let z(p) = p**3 + 15*p**2 + 47*p + 56. Let m be z(-3). Calculate the greatest common divisor of m and 1357.
23
Let g(d) = -323*d - 2683. Let m be g(-9). What is the highest common divisor of 1176 and m?
56
Suppose -3*m = 2*h - 4756, -6442*h + m = -6443*h + 2377. What is the greatest common divisor of h and 250?
125
Let f be -14*(5/(-105)*-3 - (-2033)/(-266)). What is the greatest common divisor of f and 390?
15
Let w be 36/(-54)*3 + (1 - 1) + 70. What is the highest common divisor of w and 1666?
34
Suppose -61 + 388 = 83*p - 586. Calculate the highest common factor of p and 21219.
11
Let r(h) = 548*h + 558. Let w be r(-1). Let u = -149 + 379. What is the highest common divisor of u and w?
10
Let g be 427/11 + -3 + (-18)/(-99). What is the highest common divisor of 804 and g?
12
Suppose -21 = -5*y + 5*k + 74, -5*y - k + 143 = 0. Calculate the highest common divisor of 3 and y.
3
Let v(h) = -11*h + 44. Let x be v(4). Suppose x = -4*p + 271 + 49. Calculate the greatest common factor of p and 40.
40
Let x be (17 + -39 - -20)/((-2)/95). What is the greatest common divisor of 80 and x?
5
Suppose -375 + 2423 = 16*n. Suppose -m - 69 = -3*j, j - 36 = -5*m + m. What is the greatest common factor of j and n?
8
Suppose a + 65408 = 147*a. Calculate the greatest common divisor of a and 6048.
224
Let n be (-364)/10 + 6/15. Let t = 40 + n. Suppose 0 = -t*i + 39 + 9. Calculate the highest common factor of i and 4.
4
Let n(c) = -83*c + 1432. Let t be n(17). Calculate the highest common divisor of 168 and t.
21
Let r = 92 - -29. Suppose -125 = 4*v - r. Let y be (v/((-15)/(-72)))/((-24)/420). Calculate the highest common divisor of 36 and y.
12
Suppose c = -18*i - 9218 + 42884, 2*i = -2*c + 3752. Calculate the highest common factor of 33 and i.
11
Let f be (1 - 4)/((-2)/80). Let m be 4/22 + -10 + (-512)/(-88). Let w(q) = -q**2 - 5*q + 11. Let h be w(m). What is the highest common divisor of f and h?
15
Let w(p) = -17*p + 141. Let c be w(-2). What is the greatest common divisor of 21 and c?
7
Suppose -4*i = -278 + 62. Suppose -11*w - 27 = -14*w - 3*g, -3*w + 5*g = -3. Calculate the greatest common divisor of i and w.
6
Let g be 63/54 + 25*566/60. What is the highest common factor of 9085 and g?
79
Suppose -w - 525 = 4*w. Let a be 13/5 + (-42)/w. Suppose -3*t - 12 = -3*q, -a*t + 0*t = -6. What is the highest common divisor of q and 66?
6
Let c(w) = -5*w**2 - w - 1. Let s be c(-1). Let o = s - -14. Suppose -u = z - 20, 2*u = -60*z + 63*z + 30. Calculate the highest common factor of o and u.
9
Suppose -2*x = 2*b - 38, 3*x = 2*b - 14 - 14. Suppose v - 10 = -2*c, 7*v - c - b = 2*v. What is the greatest common divisor of v and 18?
2
Let p(d) = 35*d - 5. Let x be p(1). Let h = x - 3. What is the greatest common factor of 45 and h?
9
Let r(b) = -7*b + 69 + 17*b - 15 + 23 + 55. Let p be r(-13). Calculate the greatest common divisor of p and 32.
2
Let o(x) = -54*x - 13. Let h be o(-1). Suppose -3*u + h = w, w - u - u - 16 = 0. Calculate the highest common factor of 234 and w.
26
Let n be ((-135)/(-60))/(1 - (-2)/(-8)). Suppose 2*f + n*f - 1 = j, j = -f + 23. Calculate the highest common divisor of j and 152.
19
Suppose -90*m + 94492 + 232801 = -284887. What is the highest common divisor of 114 and m?
38
Let d = -2542 - -2772. What is the greatest common factor of d and 2875?
115
Let b(i) be the second derivative of 25*i**3/6 - 113*i**2/2 - i - 153. Let r be b(9). What is the highest common factor of r and 64?
16
Let n = 5966 + -5930. Calculate the highest common divisor of 1062 and n.
18
Suppose 0 = 2*s + 3*f - 65 - 10, -4*s = 2*f - 138. Let q = 48 - s. Let v = -798 + 803. Calculate the greatest common divisor of v and q.
5
Suppose -2*i = -4*n + 536, -n + 143 = -3*i - 2*i. Let j = 182 + n. Suppose 7*z - j = 2*z. Calculate the greatest common factor of 7 and z.
7
Suppose -n + 39 = n + 5*f, 0 = n - 5*f + 18. Let z = 5 + n. Suppose 3*i - 10 = 2. Calculate the greatest common factor of z and i.
4
Let k be 0 + 147 + -3 + 3. Suppose -5*t = 4*l - 104, l - 5*t = -2 + 3. What is the highest common divisor of k and l?
21
Suppose -121 = 5*d + 74. Let c = d + 57. Calculate the greatest common factor of c and 2.
2
Let d = 20 + -13. Let n(h) = h - 10. Let m be n(d). Let v(l) = -67*l + 6. Let z be v(m). What is the greatest common divisor of z and 23?
23
Let n(p) = 46*p - 102. Let h be n(7). Suppose -h - 104 = -9*y. What is the greatest common factor of 84 and y?
12
Let l(x) = 273*x**2 - 2*x + 1. Let q be l(1). Let b = 543 - q. Suppose 270 = 3*h + 3*c, 0 = 3*h - 0*h + 2*c - b. What is the greatest common factor of 13 and h?
13
Suppose -4*b + 3*u + 3842 = 6, 5*b = u + 4817. What is the greatest common divisor of 35 and b?
5
Suppose -3*a + 285 = -z - 4*z, a = z + 91. What is the greatest common divisor of 30 and a?
5
Let i(c) = 3*c**2 - c + 12. Let a be i(7). Let t = -3357 + 3414. Calculate the highest common factor of a and t.
19
Suppose 9 + 7 = 4*w. Let o = 59 - 55. Let k be 54/w + (4 - 10/o). Calculate the highest common factor of 5 and k.
5
Let t(z) = -41*z**3 + z + 1. Let o be t(-1). Let l be (12/8)/(3/82). What is the greatest common factor of l and o?
41
Let m = 14238 - 13890. What is the highest common divisor of m and 3712?
116
Suppose -24*k + 25 = -19*k. Suppose 5 = -5*h, 0 = -k*l + h - 19 + 75. Suppose l*r - 16*r = -30. What is the greatest common factor of 54 and r?
6
Let a be 106356/46 - 5*(-6)/(-345). Calculate the greatest common divisor of 1088 and a.
136
Let u(q) = -12*q + 86. Let d(m) = 6*m - 44. Let p(s) = 13*d(s) + 6*u(s). Let z be p(17). Calculate the highest common divisor of 4 and z.
2
Let u be (-629)/(-85) + (-4)/10 - (-1 - 14918). What is the highest common factor of 34 and u?
34
Let c(r) = 58*r**2 + 10*r + 203. Let a 